 tens digit of 1539841?
4
What is the ten millions digit of 14126109?
1
What is the hundred thousands digit of 11796504?
7
What is the tens digit of 85846?
4
What is the ten thousands digit of 894250?
9
What is the hundreds digit of 14958264?
2
What is the ten thousands digit of 127472?
2
What is the units digit of 198356?
6
What is the units digit of 6756504?
4
What is the tens digit of 421741?
4
What is the millions digit of 3766515?
3
What is the ten thousands digit of 357978?
5
What is the hundred thousands digit of 2403855?
4
What is the tens digit of 185243?
4
What is the hundred thousands digit of 182359?
1
What is the tens digit of 45208?
0
What is the units digit of 7536316?
6
What is the tens digit of 113609?
0
What is the hundred thousands digit of 271334?
2
What is the hundred thousands digit of 402865?
4
What is the tens digit of 913939?
3
What is the thousands digit of 4348425?
8
What is the thousands digit of 8153214?
3
What is the hundred thousands digit of 419187?
4
What is the hundreds digit of 885609?
6
What is the thousands digit of 95126?
5
What is the units digit of 3397677?
7
What is the hundreds digit of 2773817?
8
What is the hundreds digit of 415497?
4
What is the millions digit of 1518977?
1
What is the ten thousands digit of 188458?
8
What is the tens digit of 373089?
8
What is the millions digit of 17762208?
7
What is the tens digit of 17279?
7
What is the hundreds digit of 4054056?
0
What is the hundreds digit of 744233?
2
What is the thousands digit of 395643?
5
What is the thousands digit of 10018?
0
What is the ten millions digit of 11029694?
1
What is the tens digit of 154526?
2
What is the hundreds digit of 169069?
0
What is the thousands digit of 9332669?
2
What is the ten thousands digit of 282744?
8
What is the hundred thousands digit of 18599606?
5
What is the tens digit of 3152548?
4
What is the thousands digit of 19786?
9
What is the ten thousands digit of 151872?
5
What is the hundreds digit of 278597?
5
What is the units digit of 15687515?
5
What is the ten millions digit of 20301365?
2
What is the hundred thousands digit of 194224?
1
What is the units digit of 267021?
1
What is the tens digit of 151658?
5
What is the hundreds digit of 33998?
9
What is the ten thousands digit of 292746?
9
What is the millions digit of 3073454?
3
What is the hundreds digit of 212973?
9
What is the hundred thousands digit of 169093?
1
What is the ten millions digit of 11167194?
1
What is the hundred thousands digit of 834935?
8
What is the units digit of 99733?
3
What is the ten millions digit of 12625726?
1
What is the hundred thousands digit of 144601?
1
What is the thousands digit of 1268045?
8
What is the units digit of 322629?
9
What is the hundred thousands digit of 32579830?
5
What is the millions digit of 2335652?
2
What is the tens digit of 18300703?
0
What is the millions digit of 4005116?
4
What is the ten thousands digit of 2923283?
2
What is the ten thousands digit of 1227125?
2
What is the ten thousands digit of 20596974?
9
What is the hundreds digit of 2020829?
8
What is the thousands digit of 3157959?
7
What is the ten millions digit of 21536623?
2
What is the hundred thousands digit of 1352664?
3
What is the units digit of 226298?
8
What is the hundreds digit of 4552662?
6
What is the ten millions digit of 10587010?
1
What is the hundred thousands digit of 9966969?
9
What is the hundreds digit of 2134343?
3
What is the hundreds digit of 65582?
5
What is the hundred thousands digit of 7616406?
6
What is the thousands digit of 3277034?
7
What is the millions digit of 2441918?
2
What is the thousands digit of 234444?
4
What is the units digit of 110824?
4
What is the thousands digit of 254315?
4
What is the tens digit of 2673836?
3
What is the tens digit of 139837?
3
What is the millions digit of 5028269?
5
What is the ten thousands digit of 530195?
3
What is the hundred thousands digit of 663951?
6
What is the millions digit of 10070759?
0
What is the hundreds digit of 528219?
2
What is the tens digit of 1801319?
1
What is the units digit of 11017542?
2
What is the hundreds digit of 780124?
1
What is the ten millions digit of 12745732?
1
What is the thousands digit of 35339266?
9
What is the units digit of 4386269?
9
What is the millions digit of 3870959?
3
What is the hundred thousands digit of 304173?
3
What is the hundred thousands digit of 560746?
5
What is the ten thousands digit of 393068?
9
What is the millions digit of 10553548?
0
What is the hundreds digit of 400505?
5
What is the hundred thousands digit of 1278083?
2
What is the tens digit of 226265?
6
What is the ten thousands digit of 368946?
6
What is the units digit of 7435131?
1
What is the thousands digit of 119258?
9
What is the thousands digit of 1587201?
7
What is the units digit of 893728?
8
What is the hundred thousands digit of 4581026?
5
What is the ten thousands digit of 388199?
8
What is the units digit of 254629?
9
What is the units digit of 3524346?
6
What is the millions digit of 5213280?
5
What is the units digit of 10400?
0
What is the tens digit of 226597?
9
What is the thousands digit of 69760?
9
What is the hundred thousands digit of 596657?
5
What is the millions digit of 2947698?
2
What is the ten thousands digit of 4089739?
8
What is the units digit of 6533562?
2
What is the hundred thousands digit of 16987672?
9
What is the hundreds digit of 22072440?
4
What is the tens digit of 3861657?
5
What is the units digit of 4163038?
8
What is the units digit of 982801?
1
What is the millions digit of 2859240?
2
What is the ten thousands digit of 17769278?
6
What is the hundreds digit of 252842?
8
What is the hundreds digit of 5676356?
3
What is the tens digit of 29403315?
1
What is the hundreds digit of 351162?
1
What is the thousands digit of 88645?
8
What is the millions digit of 1057703?
1
What is the tens digit of 79741?
4
What is the hundred thousands digit of 1549816?
5
What is the thousands digit of 280035?
0
What is the tens digit of 1185894?
9
What is the hundred thousands digit of 659586?
6
What is the tens digit of 378645?
4
What is the tens digit of 629242?
4
What is the ten thousands digit of 1682828?
8
What is the hundred thousands digit of 40964839?
9
What is the ten thousands digit of 5671922?
7
What is the hundreds digit of 26816171?
1
What is the thousands digit of 155605?
5
What is the millions digit of 1310996?
1
What is the millions digit of 2232198?
2
What is the hundreds digit of 615449?
4
What is the hundreds digit of 198141?
1
What is the ten thousands digit of 352961?
5
What is the thousands digit of 1492775?
2
What is the tens digit of 3945910?
1
What is the units digit of 312132?
2
What is the thousands digit of 4598553?
8
What is the ten millions digit of 19133953?
1
What is the tens digit of 192369?
6
What is the hundreds digit of 54385?
3
What is the hundred thousands digit of 1506610?
5
What is the ten thousands digit of 10955397?
5
What is the thousands digit of 66041?
6
What is the hundred thousands digit of 9840252?
8
What is the tens digit of 453088?
8
What is the units digit of 801007?
7
What is the hundred thousands digit of 4761771?
7
What is the tens digit of 8376507?
0
What is the units digit of 6493600?
0
What is the hundreds digit of 4374101?
1
What is the units digit of 21702121?
1
What is the hundred thousands digit of 6604962?
6
What is the ten thousands digit of 2585333?
8
What is the thousands digit of 720438?
0
What is the ten thousands digit of 523494?
2
What is the tens digit of 410678?
7
What is the thousands digit of 1933072?
3
What is the tens digit of 509094?
9
What is the thousands digit of 164081?
4
What is the ten thousands digit of 371321?
7
What is the hundreds digit of 1762300?
3
What is the ten thousands digit of 13868136?
6
What is the millions digit of 3196852?
3
What is the tens digit of 122567?
6
What is the millions digit of 27512757?
7
What is the units digit of 1235552?
2
What is the ten thousands digit of 13758025?
5
What is the tens digit of 969906?
0
What is the thousands digit of 148650?
8
What is the thousands digit of 11797151?
7
What is the thousands digit of 26832?
6
What is the millions digit of 6840119?
6
What is the thousands digit of 376195?
